{"id":453,"date":"2015-06-18T22:30:34","date_gmt":"2015-06-18T22:30:34","guid":{"rendered":"http:\/\/www.simpleclic.es\/mendi\/?page_id=453"},"modified":"2026-01-29T15:36:03","modified_gmt":"2026-01-29T15:36:03","slug":"calendario-torneos","status":"publish","type":"page","link":"http:\/\/www.mendicdtenis.net\/web\/calendario-torneos\/","title":{"rendered":"Calendario Torneos"},"content":{"rendered":"<p>Os mostramos los torneos que se celebran en \u00c1lava, Pa\u00eds Vasco y resto del Estado.<\/p>\n<ul>\n<li><a href=\"http:\/\/www.falavatenis.net\/wp-content\/uploads\/2025\/12\/2026-Calendario-FAT-provisional-1.pdf\">Calendario de Torneos de \u00c1lava 2026<\/a><\/li>\n<\/ul>\n<ul>\n<li><a href=\"https:\/\/www.fvtenis.eus\/es\/calen\" target=\"_blank\" rel=\"noopener noreferrer\">Calendario Torneos Pa\u00eds Vasco<\/a><\/li>\n<\/ul>\n<ul>\n<li><a href=\"http:\/\/www.rfet.es\/es_competicion_calendarios.html\" target=\"_blank\" rel=\"noopener noreferrer\">Calendario Torneos resto del Estado<\/a><\/li>\n<\/ul>\n","protected":false},"excerpt":{"rendered":"<p>Os mostramos los torneos que se celebran en \u00c1lava, Pa\u00eds Vasco y resto del Estado. Calendario de Torneos de \u00c1lava 2026 Calendario Torneos Pa\u00eds Vasco Calendario Torneos resto del Estado<\/p>\n","protected":false},"author":5,"featured_media":0,"parent":0,"menu_order":0,"comment_status":"closed","ping_status":"closed","template":"","meta":{"footnotes":""},"class_list":["post-453","page","type-page","status-publish","hentry"],"_links":{"self":[{"href":"http:\/\/www.mendicdtenis.net\/web\/wp-json\/wp\/v2\/pages\/453","targetHints":{"allow":["GET"]}}],"collection":[{"href":"http:\/\/www.mendicdtenis.net\/web\/wp-json\/wp\/v2\/pages"}],"about":[{"href":"http:\/\/www.mendicdtenis.net\/web\/wp-json\/wp\/v2\/types\/page"}],"author":[{"embeddable":true,"href":"http:\/\/www.mendicdtenis.net\/web\/wp-json\/wp\/v2\/users\/5"}],"replies":[{"embeddable":true,"href":"http:\/\/www.mendicdtenis.net\/web\/wp-json\/wp\/v2\/comments?post=453"}],"version-history":[{"count":4,"href":"http:\/\/www.mendicdtenis.net\/web\/wp-json\/wp\/v2\/pages\/453\/revisions"}],"predecessor-version":[{"id":4990,"href":"http:\/\/www.mendicdtenis.net\/web\/wp-json\/wp\/v2\/pages\/453\/revisions\/4990"}],"wp:attachment":[{"href":"http:\/\/www.mendicdtenis.net\/web\/wp-json\/wp\/v2\/media?parent=453"}],"curies":[{"name":"wp","href":"https:\/\/api.w.org\/{rel}","templated":true}]}}