{"id":4294,"date":"2024-10-14T18:34:40","date_gmt":"2024-10-14T18:34:40","guid":{"rendered":"http:\/\/www.mendicdtenis.net\/web\/?page_id=4294"},"modified":"2024-10-14T19:12:03","modified_gmt":"2024-10-14T19:12:03","slug":"cmpto-vnrc","status":"publish","type":"page","link":"http:\/\/www.mendicdtenis.net\/web\/cmpto-vnrc\/","title":{"rendered":"CAMPEONATO VASCO\u2013NAVARRO\u2013RIOJANO-C\u00c1NTABRO POR EQUIPOS"},"content":{"rendered":"<p>Las eliminatorias del CAMPEONATO VASCO-NAVARRO-RIOJANO-C\u00c1NTABRO por equipos comenzaron el 6 de octubre. En esa fecha, el equipo Alev\u00edn, formado por los\/as jugadores\/as Ian, Enaitz, Kai, Ane y Rafaella, debut\u00f3 en Getxo con una derrota [Imagen1].<\/p>\n<p>La semana siguiente, el 12 de octubre, fue el turno del equipo Infantil, compuesto por Ana, Leire, Enaitz, Aimar y Mart\u00ed, que tambi\u00e9n sufri\u00f3 una derrota en Santander [Imagen 2].<\/p>\n<p>A pesar de los resultados, el desempe\u00f1o individual de cada jugador\/a y las sensaciones generales fueron excelentes. \u00a1Enhorabuena equipo! \u00a1A seguir trabajando y disfrutando!<\/p>\n<div class=\"message_box success\"><p>Para estar al d\u00eda de todos los resultados, s\u00edguenos en <a href=\"https:\/\/www.instagram.com\/menditenis\/\">Instagram<\/a><\/p><\/div>\n<div id=\"attachment_4295\" style=\"width: 342px\" class=\"wp-caption alignleft\"><a href=\"http:\/\/www.mendicdtenis.net\/web\/wp-content\/uploads\/2024\/10\/Imagen-de-WhatsApp-2024-10-14-a-las-13.07.00_801bd78b.jpg\"><img loading=\"lazy\" decoding=\"async\" aria-describedby=\"caption-attachment-4295\" class=\"wp-image-4295\" src=\"http:\/\/www.mendicdtenis.net\/web\/wp-content\/uploads\/2024\/10\/Imagen-de-WhatsApp-2024-10-14-a-las-13.07.00_801bd78b-300x280.jpg\" alt=\"Imagen 1\" width=\"332\" height=\"309\" srcset=\"http:\/\/www.mendicdtenis.net\/web\/wp-content\/uploads\/2024\/10\/Imagen-de-WhatsApp-2024-10-14-a-las-13.07.00_801bd78b-300x280.jpg 300w, http:\/\/www.mendicdtenis.net\/web\/wp-content\/uploads\/2024\/10\/Imagen-de-WhatsApp-2024-10-14-a-las-13.07.00_801bd78b-1024x956.jpg 1024w, http:\/\/www.mendicdtenis.net\/web\/wp-content\/uploads\/2024\/10\/Imagen-de-WhatsApp-2024-10-14-a-las-13.07.00_801bd78b-768x717.jpg 768w, http:\/\/www.mendicdtenis.net\/web\/wp-content\/uploads\/2024\/10\/Imagen-de-WhatsApp-2024-10-14-a-las-13.07.00_801bd78b.jpg 1242w\" sizes=\"auto, (max-width: 332px) 100vw, 332px\" \/><\/a><p id=\"caption-attachment-4295\" class=\"wp-caption-text\">Imagen 1<\/p><\/div>\n<div id=\"attachment_4301\" style=\"width: 333px\" class=\"wp-caption alignleft\"><a href=\"http:\/\/www.mendicdtenis.net\/web\/wp-content\/uploads\/2024\/10\/Imagen-de-WhatsApp-2024-10-14-a-las-13.07.07_9438ed05.jpg\"><img loading=\"lazy\" decoding=\"async\" aria-describedby=\"caption-attachment-4301\" class=\"wp-image-4301\" src=\"http:\/\/www.mendicdtenis.net\/web\/wp-content\/uploads\/2024\/10\/Imagen-de-WhatsApp-2024-10-14-a-las-13.07.07_9438ed05-300x289.jpg\" alt=\"\" width=\"323\" height=\"311\" srcset=\"http:\/\/www.mendicdtenis.net\/web\/wp-content\/uploads\/2024\/10\/Imagen-de-WhatsApp-2024-10-14-a-las-13.07.07_9438ed05-300x289.jpg 300w, http:\/\/www.mendicdtenis.net\/web\/wp-content\/uploads\/2024\/10\/Imagen-de-WhatsApp-2024-10-14-a-las-13.07.07_9438ed05-768x740.jpg 768w, http:\/\/www.mendicdtenis.net\/web\/wp-content\/uploads\/2024\/10\/Imagen-de-WhatsApp-2024-10-14-a-las-13.07.07_9438ed05.jpg 934w\" sizes=\"auto, (max-width: 323px) 100vw, 323px\" \/><\/a><p id=\"caption-attachment-4301\" class=\"wp-caption-text\">Imagen 2<\/p><\/div>\n<p>&nbsp;<\/p>\n<p>&nbsp;<\/p>\n<p>&nbsp;<\/p>\n<p>&nbsp;<\/p>\n<p>&nbsp;<\/p>\n<p>&nbsp;<\/p>\n<p>&nbsp;<\/p>\n<p>&nbsp;<\/p>\n<p>&nbsp;<\/p>\n<p>&nbsp;<\/p>\n","protected":false},"excerpt":{"rendered":"<p>Las eliminatorias del CAMPEONATO VASCO-NAVARRO-RIOJANO-C\u00c1NTABRO por equipos comenzaron el 6 de octubre. En esa fecha, el equipo Alev\u00edn, formado por los\/as jugadores\/as Ian, Enaitz, Kai, Ane y Rafaella, debut\u00f3 en Getxo con una derrota [Imagen1]&#8230;.<\/p>\n","protected":false},"author":5,"featured_media":0,"parent":0,"menu_order":0,"comment_status":"closed","ping_status":"closed","template":"","meta":{"footnotes":""},"class_list":["post-4294","page","type-page","status-publish","hentry"],"_links":{"self":[{"href":"http:\/\/www.mendicdtenis.net\/web\/wp-json\/wp\/v2\/pages\/4294","targetHints":{"allow":["GET"]}}],"collection":[{"href":"http:\/\/www.mendicdtenis.net\/web\/wp-json\/wp\/v2\/pages"}],"about":[{"href":"http:\/\/www.mendicdtenis.net\/web\/wp-json\/wp\/v2\/types\/page"}],"author":[{"embeddable":true,"href":"http:\/\/www.mendicdtenis.net\/web\/wp-json\/wp\/v2\/users\/5"}],"replies":[{"embeddable":true,"href":"http:\/\/www.mendicdtenis.net\/web\/wp-json\/wp\/v2\/comments?post=4294"}],"version-history":[{"count":25,"href":"http:\/\/www.mendicdtenis.net\/web\/wp-json\/wp\/v2\/pages\/4294\/revisions"}],"predecessor-version":[{"id":4332,"href":"http:\/\/www.mendicdtenis.net\/web\/wp-json\/wp\/v2\/pages\/4294\/revisions\/4332"}],"wp:attachment":[{"href":"http:\/\/www.mendicdtenis.net\/web\/wp-json\/wp\/v2\/media?parent=4294"}],"curies":[{"name":"wp","href":"https:\/\/api.w.org\/{rel}","templated":true}]}}

CAMPEONATO VASCO–NAVARRO–RIOJANO-CÁNTABRO POR EQUIPOS

<p>Las eliminatorias del CAMPEONATO VASCO-NAVARRO-RIOJANO-CÁNTABRO por equipos comenzaron el 6 de octubre. En esa fecha, el equipo Alevín, formado por los/as jugadores/as Ian, Enaitz, Kai, Ane y Rafaella, debutó en Getxo con una derrota [Imagen1].</p>
<p>La semana siguiente, el 12 de octubre, fue el turno del equipo Infantil, compuesto por Ana, Leire, Enaitz, Aimar y Martí, que también sufrió una derrota en Santander [Imagen 2].</p>
<p>A pesar de los resultados, el desempeño individual de cada jugador/a y las sensaciones generales fueron excelentes. ¡Enhorabuena equipo! ¡A seguir trabajando y disfrutando!</p>
<div class="message_box success"><p>Para estar al día de todos los resultados, síguenos en <a href="https://www.instagram.com/menditenis/">Instagram</a></p></div>
<div id="attachment_4295" style="width: 342px" class="wp-caption alignleft"><a href="http://www.mendicdtenis.net/web/wp-content/uploads/2024/10/Imagen-de-WhatsApp-2024-10-14-a-las-13.07.00_801bd78b.jpg"><img loading="lazy" decoding="async" aria-describedby="caption-attachment-4295" class="wp-image-4295" src="http://www.mendicdtenis.net/web/wp-content/uploads/2024/10/Imagen-de-WhatsApp-2024-10-14-a-las-13.07.00_801bd78b-300x280.jpg" alt="Imagen 1" width="332" height="309" srcset="http://www.mendicdtenis.net/web/wp-content/uploads/2024/10/Imagen-de-WhatsApp-2024-10-14-a-las-13.07.00_801bd78b-300x280.jpg 300w, http://www.mendicdtenis.net/web/wp-content/uploads/2024/10/Imagen-de-WhatsApp-2024-10-14-a-las-13.07.00_801bd78b-1024x956.jpg 1024w, http://www.mendicdtenis.net/web/wp-content/uploads/2024/10/Imagen-de-WhatsApp-2024-10-14-a-las-13.07.00_801bd78b-768x717.jpg 768w, http://www.mendicdtenis.net/web/wp-content/uploads/2024/10/Imagen-de-WhatsApp-2024-10-14-a-las-13.07.00_801bd78b.jpg 1242w" sizes="auto, (max-width: 332px) 100vw, 332px" /></a><p id="caption-attachment-4295" class="wp-caption-text">Imagen 1</p></div>
<div id="attachment_4301" style="width: 333px" class="wp-caption alignleft"><a href="http://www.mendicdtenis.net/web/wp-content/uploads/2024/10/Imagen-de-WhatsApp-2024-10-14-a-las-13.07.07_9438ed05.jpg"><img loading="lazy" decoding="async" aria-describedby="caption-attachment-4301" class="wp-image-4301" src="http://www.mendicdtenis.net/web/wp-content/uploads/2024/10/Imagen-de-WhatsApp-2024-10-14-a-las-13.07.07_9438ed05-300x289.jpg" alt="" width="323" height="311" srcset="http://www.mendicdtenis.net/web/wp-content/uploads/2024/10/Imagen-de-WhatsApp-2024-10-14-a-las-13.07.07_9438ed05-300x289.jpg 300w, http://www.mendicdtenis.net/web/wp-content/uploads/2024/10/Imagen-de-WhatsApp-2024-10-14-a-las-13.07.07_9438ed05-768x740.jpg 768w, http://www.mendicdtenis.net/web/wp-content/uploads/2024/10/Imagen-de-WhatsApp-2024-10-14-a-las-13.07.07_9438ed05.jpg 934w" sizes="auto, (max-width: 323px) 100vw, 323px" /></a><p id="caption-attachment-4301" class="wp-caption-text">Imagen 2</p></div>
<p>&nbsp;</p>
<p>&nbsp;</p>
<p>&nbsp;</p>
<p>&nbsp;</p>
<p>&nbsp;</p>
<p>&nbsp;</p>
<p>&nbsp;</p>
<p>&nbsp;</p>
<p>&nbsp;</p>
<p>&nbsp;</p>

<p>Las eliminatorias del CAMPEONATO VASCO-NAVARRO-RIOJANO-CÁNTABRO por equipos comenzaron el 6 de octubre. En esa fecha, el equipo Alevín, formado por los/as jugadores/as Ian, Enaitz, Kai, Ane y Rafaella, debutó en Getxo con una derrota [Imagen1]&#8230;.</p>
